t of n(-3)?
5
Let t(w) = -w**2 - 4*w. Let z be t(-2). Suppose -4*m = -6*m + z. What is the units digit of m?
2
Suppose a = -4*a + 220. What is the units digit of a?
4
Let k(w) = 6*w**2 + 7 - w + 5*w - 3*w + w**3. Suppose o + o = -12. What is the units digit of k(o)?
1
Suppose 3*f - 273 = -3*b, -f + 107 = -b + 6*b. What is the tens digit of f?
8
Let o(l) = -l + 3. Let d be o(0). What is the units digit of (-16)/(-12)*d - -41?
5
Let r be 49/28 + 1/4. Suppose 2*m - 2*h - 84 = -r*m, -3*m + 3*h + 60 = 0. What is the tens digit of m?
2
Let h = 295 + -89. What is the hundreds digit of h?
2
Suppose -9 - 7 = -4*i. Let x(w) = w**3 - 3*w**2 - w + 2. What is the tens digit of x(i)?
1
Suppose -4 = 4*m, -4*a + 83 = -m - 2*m. What is the units digit of a?
0
Let q(b) = -b**3 + b**2 + 242. What is the tens digit of q(0)?
4
Let o(g) be the first derivative of -2*g**2 - 8*g - 5. What is the units digit of o(-7)?
0
Let w(a) = -a**3 + 11*a**2 - 5*a - 1. What is the units digit of w(5)?
4
Suppose 0*q + 5*q - 140 = 0. What is the units digit of q?
8
Suppose 5*u = 53 - 8. Let c(z) = 1. Let j(l) = -l**3 + 8*l**2 + 8*l. Let w(q) = -c(q) - j(q). What is the units digit of w(u)?
8
Let b be (4/(-5))/(1/(-5)). Suppose 0*f - 2*f = -b*z + 8, 0 = 4*z - 8. What is the tens digit of (44/4)/(1 + f)?
1
Let x(a) = 2*a - 2. Let g be x(3). Suppose -g*o = o - 75. What is the units digit of o?
5
Let l(g) = g**3 - 4*g**2 - 6*g + 5. Let f be l(5). Let d be (-2)/(-4)*(f + 66). Suppose -3*j = 6, 4*y + 4*j - 15 = d. What is the units digit of y?
4
Let v(j) = j**2 - 4*j - 4. Suppose 0 = -5*d + 3 + 27. Let u = d - 1. What is the units digit of v(u)?
1
What is the hundreds digit of (-728)/(-5) + ((-92)/20 - -5)?
1
Suppose 6*v = 8*v - 2. What is the units digit of v?
1
Let y = -2 - -4. What is the units digit of y?
2
What is the units digit of 8*(265/20)/1?
6
Let x(v) = v**3 + v**2 - 1. Let q be x(0). Let i be (-12)/(-6) + (q - -12). Let k = i - 8. What is the units digit of k?
5
Suppose -5*a - 56 - 169 = 0. What is the tens digit of (6/(-10))/(1/a)?
2
Let v(o) = 42*o**3 - 2*o**2 - o + 1. What is the units digit of v(1)?
0
Let b = -13 + 21. Let d = b - 4. What is the units digit of d?
4
Let t be -7 + 0 + -1 - 1. Suppose 4*c + 3 = -13. Let g = c - t. What is the units digit of g?
5
Suppose -5*f = -y + 8, -y + f - 2 = -2*y. Let u = 3 + y. What is the units digit of u?
6
Suppose -9*h = -10*h + 99. What is the units digit of h?
9
Let z(f) be the first derivative of f**4/4 - 2*f**3 + 3*f**2/2 - 3*f + 4. Let t be z(6). Suppose t = w + 2*w. What is the units digit of w?
5
Let x(v) = 11*v - 32. What is the units digit of x(9)?
7
Let a = -1 - -1. Let o(c) = c + 5. Let w be o(a). Suppose -2*f - 7 = -3*v, -w*v - 3 = 5*f + 2. What is the units digit of v?
1
Let g be -10*(-3)/(-2)*-2. What is the units digit of ((-4)/(-6))/(2/g)?
0
Let l = -2 - -9. Suppose -l*s = -3*s + 40. What is the units digit of 5/(-20) + s/(-8)?
1
What is the units digit of ((-4)/(-6))/((-1110)/(-369) + -3)?
2
Let v(q) = q + 1. Suppose r - 2*b - 5 = 0, 7*b = r + 8*b - 2. Let a be v(r). Suppose a*d = 6 - 2, -2*g + 5*d = 3. What is the units digit of g?
1
Suppose y + 2*y = 96. What is the tens digit of y?
3
Suppose -5*j + 0*j + 5*s - 70 = 0, -2*j - 7 = 5*s. Let h = 21 + j. What is the tens digit of 134/h + 6/(-15)?
1
Let n = -16 + 46. What is the units digit of n?
0
Suppose 1233 = 15*f - 3552. What is the tens digit of f?
1
Let p(s) = -13*s + 1. Let j = 21 + -5. Suppose h = q - 2*h + j, -7 = 2*q - h. What is the units digit of p(q)?
4
What is the units digit of (2/(-4))/(2/(-16))?
4
Let z(b) = b - 3. Let a be z(3). Let r = a - 1. Let t = r + 18. What is the units digit of t?
7
Let z(c) = -c + c**3 - 1 - 7*c**3 + 5*c**3 + 2*c**2. Let y be z(2). What is the units digit of -1*(y + 4) - -5?
4
Let g(d) = 5*d. Let w be g(1). Let x(j) = 3*j + 20. Let o be x(0). Suppose w*z - 10 = o. What is the units digit of z?
6
What is the units digit of 784/126 + (-4)/18?
6
Suppose -114 = 4*q - 478. Let i = -63 + q. What is the tens digit of i?
2
Let o(g) = -11*g - 3. Let i be o(3). Let b = i + 64. Suppose 5*u - b - 22 = 0. What is the tens digit of u?
1
Let f be (2*1 + -1)*4. Let k(s) be the third derivative of -s**6/120 + s**5/20 + 5*s**4/24 - 2*s**2. What is the units digit of k(f)?
4
What is the tens digit of (12/10)/(2/85)?
5
Let j = -10 - -12. What is the tens digit of -9*10*j/(-6)?
3
Let u = 2 + 2. Suppose 14 = 5*z - u*z. What is the tens digit of z?
1
Suppose 5*w - 2*c + c = 20, 3*w - 2*c - 12 = 0. Suppose 116 = -w*v + 8*v. What is the units digit of v?
9
Suppose -m - 5*b + 6 = -2*b, -6 = -m - 5*b. Let f(t) = 1 - 2*t**3 + t**3 + 9*t**2 + 7*t - 4*t**2. What is the units digit of f(m)?
7
Let v(i) = 2*i - 5. Let a be v(4). Suppose -2*f + 20 = a*f. What is the units digit of f?
4
Suppose 0 = 2*r + r - 3. Suppose 2*y = -0 + 4. Suppose -3*v + y*p - 11 = -4*v, -p = -v - r. What is the units digit of v?
3
Let z(j) = 5*j**2 + 2 - j**2 - 2*j**2 - 2*j + j**2. What is the tens digit of z(2)?
1
What is the tens digit of 4/(-22) + (-915)/(-11)?
8
Let h(y) = 3*y**2 - y**2 - 2 - 4*y**2 + 3*y**2. What is the units digit of h(3)?
7
Let r(h) = -h**2 + 7*h. Let x be r(7). Let j = x + 9. What is the units digit of j?
9
Let f(o) = o - 3. Let y be f(6). Suppose c + 18 = z - 4*c, 0 = 2*z + y*c + 16. What is the units digit of (z/(-6))/((-3)/(-27))?
3
Let j(p) = p**3 + 7*p**2 + 6*p + 4. Let i(z) = -z**3 + 11*z**2 + 11*z + 7. Let f be i(12). What is the units digit of j(f)?
4
What is the units digit of 1 + (-1 - 3) - -80?
7
Let o = 2 + -1. What is the units digit of 40/8 + o/1?
6
Let o(a) = 40*a**3 + a**2 - 4*a + 1. What is the hundreds digit of o(2)?
3
Suppose 6*a - 5 = a. What is the units digit of a?
1
Suppose -2*d = -3*f + 22, -d - 2*f - 9 = -3*f. Suppose 15 = -5*s - 0. Let q = s - d. What is the units digit of q?
2
Let a(j) = j**3 - 3*j**2 - 6*j - 3. What is the tens digit of a(5)?
1
Let v = -293 + 528. What is the hundreds digit of v?
2
Let t = -16 - -78. What is the units digit of t?
2
Let g = -9 + 13. Let p = 17 - 10. Suppose -g*n + 3*n + p = 0. What is the units digit of n?
7
Let y(t) = t**3 + 8*t**2 + 3*t - 8. What is the tens digit of y(-7)?
2
Let m = 31 + 10. What is the tens digit of m?
4
Let o(j) = -j**3 - 7*j**2 + j + 5. Let i be o(-7). Let d = 3 + i. Let q = 0 + d. What is the units digit of q?
1
Suppose q + 2*j - 2 - 5 = 0, -5*j + 10 = 0. What is the units digit of (-3)/(q/(-18)*2)?
9
Let p(l) = -4*l - 4. Let g be p(-3). Let t(q) = q**2 - 9*q + 9. Let f be t(g). Suppose 0 = 4*u + f - 5. What is the units digit of u?
1
Suppose -4*w = -2*z - 360, 3*z + 5 = -7. Let f = w + -35. What is the units digit of f?
3
Let z be 12/(-42) + (-37)/(-7). Let n = -11 + z. What is the units digit of (-26)/(-7) - n/21?
4
Let y be (-12)/(-42) - 144/14. Let v = -6 - y. What is the units digit of v?
4
Suppose -4*j = -6*j + 50. What is the units digit of j?
5
Let o be 2*1/(-2)*-1. Let r = -2 - o. What is the units digit of (r/(-9))/(1/3)?
1
Let g(j) = j**3 + 9*j**2 + 8*j + 4. Let u be g(-8). Suppose -17 = -3*v + s - 6*s, -2*v - u*s + 12 = 0. Suppose z - 55 = -v*z. What is the units digit of z?
1
Suppose 28 - 8 = 4*w. Suppose 0 = -c - 4*c + 20, -4*c = w*p - 46. Let k = 11 - p. What is the units digit of k?
5
Suppose 2*n - 13 = -5*g, -3*g - 2*g + 14 = n. Let c(d) = -2*d**2 + 16*d + 7. Let w be c(8). Let z = w - n. What is the units digit of z?
8
Suppose 5*x = y - 131, 142 = -4*y + 3*x + 632. What is the units digit of y?
1
Let n = 105 + -59. What is the units digit of n?
6
Suppose -3*m + 12 = -3. Suppose -m*h = 2*w - 22, 0 = -2*h - 2*h. What is the tens digit of w?
1
Let n(a) = -19*a**3 - 2*a**2 + 1. Let i be n(-2). Suppose s + i = 6*s. Suppose 4*r + 0*r = q + 23, s = 4*r - 3*q. What is the units digit of r?
5
What is the tens digit of 3465/27 - 1/3?
2
Suppose -v - 13 + 9 = 0. Let w be (-2)/(-8) - 158/(-8). Let r = w + v. What is the units digit of r?
6
Let m be -37 - (3 + -5 + 2). Let s = m - -57. What is the units digit of s?
0
Let n be -5*(-1)/(3 + -2). Let c = 7 - n. Let x = c + -1. What is the units digit of x?
1
Suppose 0 = -k + 9 - 6. Let a(t) = -t**3 - 4*t**2 + 4*t + 6. Let x be a(-6). Suppose s = -5*c + c + x, k*s + 33 = 3*c. What is the units digit of c?
3
Suppose -3